{"id":22,"date":"2019-02-10T14:53:00","date_gmt":"2019-02-10T14:53:00","guid":{"rendered":"http:\/\/orca-consult.de\/?page_id=22"},"modified":"2025-02-01T15:33:22","modified_gmt":"2025-02-01T15:33:22","slug":"ueber-uns","status":"publish","type":"page","link":"http:\/\/orca-consult.de\/?page_id=22","title":{"rendered":"\u00dcber uns"},"content":{"rendered":"\n<p><strong>Vita des Inhabers<\/strong><br>Inhaber von Orca-Consult ist Helmut Fiebig. Nach Berufsausbildungen und Abitur im Abendgymnasium erfolgte das Studium an der Fachhochschule f\u00fcr Rechtspflege und das Examen. Nach einigen Jahren T\u00e4tigkeit bei Gerichten und Staatsanwaltschaften k\u00fcndigte Herr Fiebig die T\u00e4tigkeit im Staatsdienst und gab die Stelle \u201eBeamter auf  Lebenszeit\u201c an den Staat zur\u00fcck.<\/p>\n\n\n\n<p>1992 gr\u00fcndete Herr Fiebig ein Unternehmen, da\u00df Outdoor-Events anbot, an denen teilweise \u00fcber 100 Kunden teilnahmen.<\/p>\n\n\n\n<p>Seit dem Jahr 2000 wurde verst\u00e4rkt Beratung von kleineren Firmen durchgef\u00fchrt, seit 2011 als eigenst\u00e4ndiges Unternehmen. <\/p>\n\n\n\n<p>Orca-Consult hat diverse freie Mitarbeiter, die bei der Bearbeitung spezieller Probleme behilflich sind.<\/p>\n\n\n\n<p><strong>Grunds\u00e4tzliches<\/strong><br>Wenn man zusammenarbeitet, sollte \u201edie Chemie\u201c stimmen und es ist hilfreich zu wissen, wie der Gegen\u00fcber \u201etickt\u201c. <\/p>\n\n\n\n<p>An erster Stelle steht f\u00fcr uns, dass unser Einsatz f\u00fcr unseren Auftraggeber erfolgreich ist und einen &#8222;Mehrwert&#8220; erbringt. <\/p>\n\n\n\n<p>Wir bem\u00fchen uns, so kosteneffizient wie m\u00f6glich zu arbeiten und verlassen daf\u00fcr  zuweilen ausgetretene Pfade zugunsten origineller, &#8222;massgeschneideter&#8220; L\u00f6sungen. Wie oft konnte z.B. schon ein aufw\u00e4ndiges und teures Gerichtsverfahren vermieden werden durch eine kluges, entspanntes  Verhanden mit den \u201eGegnern\u201c ?<\/p>\n\n\n\n<p><strong>Sprache<\/strong><br> Wir bevorzugen eine sehr klare, deutliche Sprache &#8211; auch wenn die Wahrheit manchmal hart ist. Wir  bem\u00fchen uns, komplizierte Sachverhalte so einfach wie m\u00f6glich darzustellen. <br>Keiner braucht S\u00e4tze, die man 3 mal lesen muss, bevor man sie versteht.<\/p>\n\n\n\n<p><strong>Kleidung<\/strong><br>Wir sind nicht der Meinung, dass der sch\u00f6nste Krawattenknoten und der teuerste Seidenanzug ein Qualifikationsdiplom ist. Wir sind daher v\u00f6llig locker und entspannt, auch was den Auftritt angeht.<\/p>\n\n\n\n<p><strong>Arbeitszeit | Meetings<\/strong><br>Feste Arbeitszeiten gibst es bei uns nicht. Wir sind grunds\u00e4tzlich ab 12.oo Uhr gut erreichbar und rufen ggf. kurzfrsitig zur\u00fcck. Und soll eine Bespechung erst um 21.oo Uhr stattfinden, dann ist das auch kein Problem. Da wir viel unterwegs sind, finden Meetings nur nach vorheriger Terminvereinbarung statt.<\/p>\n\n\n\n<p><strong>&#8222;Orca&#8220;<\/strong><br>Wir lieben Wasser in all seinen Erscheinungsformen: Seen, Fl\u00fcsse und nat\u00fcrlich das Meer. Daher der Name des Unternehmens und das Logo. <\/p>\n\n\n\n<p><\/p>\n","protected":false},"excerpt":{"rendered":"<p>Vita des InhabersInhaber von Orca-Consult ist Helmut Fiebig. Nach Berufsausbildungen und Abitur im Abendgymnasium erfolgte das Studium an der Fachhochschule f\u00fcr Rechtspflege und das Examen. Nach einigen Jahren T\u00e4tigkeit bei Gerichten und Staatsanwaltschaften k\u00fcndigte Herr Fiebig die T\u00e4tigkeit im Staatsdienst und gab die Stelle \u201eBeamter auf Lebenszeit\u201c an den Staat zur\u00fcck. 1992 gr\u00fcndete Herr Fiebig [&hellip;]<\/p>\n","protected":false},"author":1,"featured_media":0,"parent":0,"menu_order":0,"comment_status":"closed","ping_status":"closed","template":"","meta":{"footnotes":""},"class_list":["post-22","page","type-page","status-publish","hentry"],"_links":{"self":[{"href":"http:\/\/orca-consult.de\/index.php?rest_route=\/wp\/v2\/pages\/22","targetHints":{"allow":["GET"]}}],"collection":[{"href":"http:\/\/orca-consult.de\/index.php?rest_route=\/wp\/v2\/pages"}],"about":[{"href":"http:\/\/orca-consult.de\/index.php?rest_route=\/wp\/v2\/types\/page"}],"author":[{"embeddable":true,"href":"http:\/\/orca-consult.de\/index.php?rest_route=\/wp\/v2\/users\/1"}],"replies":[{"embeddable":true,"href":"http:\/\/orca-consult.de\/index.php?rest_route=%2Fwp%2Fv2%2Fcomments&post=22"}],"version-history":[{"count":5,"href":"http:\/\/orca-consult.de\/index.php?rest_route=\/wp\/v2\/pages\/22\/revisions"}],"predecessor-version":[{"id":198,"href":"http:\/\/orca-consult.de\/index.php?rest_route=\/wp\/v2\/pages\/22\/revisions\/198"}],"wp:attachment":[{"href":"http:\/\/orca-consult.de\/index.php?rest_route=%2Fwp%2Fv2%2Fmedia&parent=22"}],"curies":[{"name":"wp","href":"https:\/\/api.w.org\/{rel}","templated":true}]}}