{"id":254,"date":"2025-03-18T21:37:36","date_gmt":"2025-03-18T21:37:36","guid":{"rendered":"http:\/\/orca-consult.de\/?p=254"},"modified":"2025-03-21T17:19:05","modified_gmt":"2025-03-21T17:19:05","slug":"restrukturierung-geschaeftswert-100-000-eur","status":"publish","type":"page","link":"http:\/\/orca-consult.de\/?page_id=254","title":{"rendered":"Restrukturierung | Gesch\u00e4ftsvolumen 100.000 EUR"},"content":{"rendered":"\n<p>Die Gesellschafter einer GmbH aus der Finanzbranche wandten sich an uns. Trotz des unerm\u00fcdlichen Einsatzes der Gesch\u00e4ftsf\u00fchrer konnten kaum Gewinne erzielt werden, die das \u00dcberleben der Gesellschaft sichergestellt h\u00e4tten. Nach eingehender Analyse wurde beschlossen, zun\u00e4chst die Liquidation einzuleiten.<br>Ma\u00dfnahmen, die zur kurz- oder mittelfristigen Umsatzsteigerung f\u00fchren w\u00fcrden, waren nicht ersichtlich. Die Kosten wurden drastisch um 90% (!) reduziert und es zeigte sich, dass selbst die reduzierten Kosten kaum durch Einnahmen erwirtschaftet werden konnten. Das Unternehmen erwies sich als nicht \u00fcberlebensf\u00e4hig. In Zusammenarbeit mit den Gesellschaftern wurde das Kerngesch\u00e4ft des Unternehmens daher auf ein Einzelgewerbe \u00fcbertragen und das Unternehmen in einem geordneten Verfahren gel\u00f6scht. Nachdem die enorme Kostenlast (insb. L\u00f6hne und Mietzinsen) des fr\u00fcheren Unternehmens entfallen waren, wurden wieder Gewinne erwirtschaftet.<\/p>\n","protected":false},"excerpt":{"rendered":"<p>Die Gesellschafter einer GmbH aus der Finanzbranche wandten sich an uns. Trotz des unerm\u00fcdlichen Einsatzes der Gesch\u00e4ftsf\u00fchrer konnten kaum Gewinne erzielt werden, die das \u00dcberleben der Gesellschaft sichergestellt h\u00e4tten. Nach eingehender Analyse wurde beschlossen, zun\u00e4chst die Liquidation einzuleiten.Ma\u00dfnahmen, die zur kurz- oder mittelfristigen Umsatzsteigerung f\u00fchren w\u00fcrden, waren nicht ersichtlich. Die Kosten wurden drastisch um 90% [&hellip;]<\/p>\n","protected":false},"author":1,"featured_media":0,"parent":0,"menu_order":0,"comment_status":"closed","ping_status":"closed","template":"","meta":{"footnotes":""},"class_list":["post-254","page","type-page","status-publish","hentry"],"_links":{"self":[{"href":"http:\/\/orca-consult.de\/index.php?rest_route=\/wp\/v2\/pages\/254","targetHints":{"allow":["GET"]}}],"collection":[{"href":"http:\/\/orca-consult.de\/index.php?rest_route=\/wp\/v2\/pages"}],"about":[{"href":"http:\/\/orca-consult.de\/index.php?rest_route=\/wp\/v2\/types\/page"}],"author":[{"embeddable":true,"href":"http:\/\/orca-consult.de\/index.php?rest_route=\/wp\/v2\/users\/1"}],"replies":[{"embeddable":true,"href":"http:\/\/orca-consult.de\/index.php?rest_route=%2Fwp%2Fv2%2Fcomments&post=254"}],"version-history":[{"count":2,"href":"http:\/\/orca-consult.de\/index.php?rest_route=\/wp\/v2\/pages\/254\/revisions"}],"predecessor-version":[{"id":351,"href":"http:\/\/orca-consult.de\/index.php?rest_route=\/wp\/v2\/pages\/254\/revisions\/351"}],"wp:attachment":[{"href":"http:\/\/orca-consult.de\/index.php?rest_route=%2Fwp%2Fv2%2Fmedia&parent=254"}],"curies":[{"name":"wp","href":"https:\/\/api.w.org\/{rel}","templated":true}]}}