{"id":295,"date":"2025-03-18T23:44:26","date_gmt":"2025-03-18T23:44:26","guid":{"rendered":"http:\/\/orca-consult.de\/?p=295"},"modified":"2025-03-18T23:57:25","modified_gmt":"2025-03-18T23:57:25","slug":"aufhebung-kaufvertrag-g-wert-ca-10-eur-2","status":"publish","type":"page","link":"http:\/\/orca-consult.de\/?page_id=295","title":{"rendered":"Aufhebung  Kaufvertrag  | G.-wert ca. 10 EUR"},"content":{"rendered":"\n<p>Selten geht es \u201eums Prinzip\u201c, manchmal muss es aber eben sein.Eine Privatperson P kaufte in einem hiesigen Ladengesch\u00e4ft an Weihnachten einen Kerzenst\u00e4nder.<br>Zuhause angekommen, brach eine Halterung am Kerzenst\u00e4nder ab, da diese mangelhaft befestigt war. Auf Reklamation hin meinte der Gesch\u00e4ftsinhaber zu der Kundin: \u201eEinen Ersatz k\u00f6nnen wir nicht leisten; der Kerzenst\u00e4nder war ja noch in Ordnung, als Sie das Gesch\u00e4ft verlie\u00dfen\u201c. Wir haben uns der Sache angenommen, da wir der Meinung sind, da\u00df man sich als Kunde nicht rotzfrech abkanzeln lassen mu\u00df und Gerechtigkeit keine Frage des Streitwerts ist. Nach Abschlu\u00df des Verfahrens hatte der Ladeninhaber deutlich mehr als 150 EUR Kosten. Wir denken, er hat seine Lektion gelernt.<\/p>\n\n\n\n<p><\/p>\n","protected":false},"excerpt":{"rendered":"<p>Selten geht es \u201eums Prinzip\u201c, manchmal muss es aber eben sein.Eine Privatperson P kaufte in einem hiesigen Ladengesch\u00e4ft an Weihnachten einen Kerzenst\u00e4nder.Zuhause angekommen, brach eine Halterung am Kerzenst\u00e4nder ab, da diese mangelhaft befestigt war. Auf Reklamation hin meinte der Gesch\u00e4ftsinhaber zu der Kundin: \u201eEinen Ersatz k\u00f6nnen wir nicht leisten; der Kerzenst\u00e4nder war ja noch in [&hellip;]<\/p>\n","protected":false},"author":1,"featured_media":0,"parent":193,"menu_order":0,"comment_status":"closed","ping_status":"closed","template":"","meta":{"footnotes":""},"class_list":["post-295","page","type-page","status-publish","hentry"],"_links":{"self":[{"href":"http:\/\/orca-consult.de\/index.php?rest_route=\/wp\/v2\/pages\/295","targetHints":{"allow":["GET"]}}],"collection":[{"href":"http:\/\/orca-consult.de\/index.php?rest_route=\/wp\/v2\/pages"}],"about":[{"href":"http:\/\/orca-consult.de\/index.php?rest_route=\/wp\/v2\/types\/page"}],"author":[{"embeddable":true,"href":"http:\/\/orca-consult.de\/index.php?rest_route=\/wp\/v2\/users\/1"}],"replies":[{"embeddable":true,"href":"http:\/\/orca-consult.de\/index.php?rest_route=%2Fwp%2Fv2%2Fcomments&post=295"}],"version-history":[{"count":1,"href":"http:\/\/orca-consult.de\/index.php?rest_route=\/wp\/v2\/pages\/295\/revisions"}],"predecessor-version":[{"id":300,"href":"http:\/\/orca-consult.de\/index.php?rest_route=\/wp\/v2\/pages\/295\/revisions\/300"}],"up":[{"embeddable":true,"href":"http:\/\/orca-consult.de\/index.php?rest_route=\/wp\/v2\/pages\/193"}],"wp:attachment":[{"href":"http:\/\/orca-consult.de\/index.php?rest_route=%2Fwp%2Fv2%2Fmedia&parent=295"}],"curies":[{"name":"wp","href":"https:\/\/api.w.org\/{rel}","templated":true}]}}