{"id":63,"date":"2019-02-10T16:35:25","date_gmt":"2019-02-10T16:35:25","guid":{"rendered":"http:\/\/orca-consult.de\/?page_id=63"},"modified":"2019-02-10T21:17:00","modified_gmt":"2019-02-10T21:17:00","slug":"betrieb-des-unternehmens","status":"publish","type":"page","link":"http:\/\/orca-consult.de\/?page_id=63","title":{"rendered":"Betrieb"},"content":{"rendered":"\n<p>Wir unterst\u00fctzen Sie bei allen m\u00f6glichen Problemen, die rund um den Betrieb eines Unternehmens entstehen k\u00f6nnen.<\/p>\n\n\n\n<p>In der Regel arbeiten wir hierbei mit einem bew\u00e4hrtem Netzwerk von Rechtsanw\u00e4lten und Steuerberatern zusammen.<\/p>\n\n\n\n<p>F\u00fcr branchenspezifische L\u00f6sungen haben wir in aller Regel Insider aus den entsprechenden Branchen.<\/p>\n\n\n\n<p>Sind wir nicht sicher, Sie bei der L\u00f6sung Ihrer Problems erfolgreich unterst\u00fctzen zu k\u00f6nnen, kommunizieren wir dies klipp und klar nach der &#8211; kostenlosen- Vorbesprechung .<\/p>\n","protected":false},"excerpt":{"rendered":"<p>Wir unterst\u00fctzen Sie bei allen m\u00f6glichen Problemen, die rund um den Betrieb eines Unternehmens entstehen k\u00f6nnen. In der Regel arbeiten wir hierbei mit einem bew\u00e4hrtem Netzwerk von Rechtsanw\u00e4lten und Steuerberatern zusammen. F\u00fcr branchenspezifische L\u00f6sungen haben wir in aller Regel Insider aus den entsprechenden Branchen. Sind wir nicht sicher, Sie bei der L\u00f6sung Ihrer Problems erfolgreich [&hellip;]<\/p>\n","protected":false},"author":1,"featured_media":0,"parent":0,"menu_order":0,"comment_status":"closed","ping_status":"closed","template":"","meta":{"footnotes":""},"class_list":["post-63","page","type-page","status-publish","hentry"],"_links":{"self":[{"href":"http:\/\/orca-consult.de\/index.php?rest_route=\/wp\/v2\/pages\/63","targetHints":{"allow":["GET"]}}],"collection":[{"href":"http:\/\/orca-consult.de\/index.php?rest_route=\/wp\/v2\/pages"}],"about":[{"href":"http:\/\/orca-consult.de\/index.php?rest_route=\/wp\/v2\/types\/page"}],"author":[{"embeddable":true,"href":"http:\/\/orca-consult.de\/index.php?rest_route=\/wp\/v2\/users\/1"}],"replies":[{"embeddable":true,"href":"http:\/\/orca-consult.de\/index.php?rest_route=%2Fwp%2Fv2%2Fcomments&post=63"}],"version-history":[{"count":3,"href":"http:\/\/orca-consult.de\/index.php?rest_route=\/wp\/v2\/pages\/63\/revisions"}],"predecessor-version":[{"id":140,"href":"http:\/\/orca-consult.de\/index.php?rest_route=\/wp\/v2\/pages\/63\/revisions\/140"}],"wp:attachment":[{"href":"http:\/\/orca-consult.de\/index.php?rest_route=%2Fwp%2Fv2%2Fmedia&parent=63"}],"curies":[{"name":"wp","href":"https:\/\/api.w.org\/{rel}","templated":true}]}}